ors of u(16)?
2, 11
Let r(y) = -y**3 + 26*y**2 - 21*y + 32. What are the prime factors of r(14)?
2, 5, 11, 19
Suppose 2*g + 4*x - 9 = 3*x, 5*g - 3 = 4*x. Let c be -40 - (g - (-1 - -3)). Let j = -19 - c. What are the prime factors of j?
2, 11
Let n be (-55)/(-22)*4/5. Suppose 2 = -3*t + 5*t, -2*t - n = -2*d. Let x = 4 + d. What are the prime factors of x?
2, 3
Suppose -11*n + 9568 = 5*n. What are the prime factors of n?
2, 13, 23
Let d = 1240 - 840. List the prime factors of d.
2, 5
Let p(v) = v**3 + v**2 - v + 23. Let c be p(7). Let i = -216 + c. List the prime factors of i.
2, 3
Suppose 0*b = 2*b. What are the prime factors of (-6 - 24)*(b - 1)?
2, 3, 5
What are the prime factors of (-4)/(-14) - 17781/(-63)*3?
7, 11
Suppose -g + 12 = 48. Suppose -5*d + 403 = 4*t, 3*t - 336 = -5*d + 8*d. Let f = g + t. List the prime factors of f.
71
Let z(w) = 12*w - 6. Let x be z(-5). Suppose 11*g - 14*g + 285 = 0. Let o = g + x. What are the prime factors of o?
29
Suppose c - 4 = -c, 0 = 4*z - 4*c - 176. Let l be z/14 - (-22)/(-77). Suppose -5*u + 3*u = -3*t - 15, -5*t - 22 = -l*u. What are the prime factors of u?
3
Let l = -18 + 25. Suppose -3*p - 5*n - 34 = 0, 2*p + 3*p = -3*n - 30. Let s = p + l. What are the prime factors of s?
2
Let l be 4/2 - 0/(-2). Let v(n) = -n + 17. Let w be v(7). Suppose 42 = l*k - w. What are the prime factors of k?
2, 13
Let f(y) = -113*y - 45. What are the prime factors of f(-2)?
181
Let t(j) = 11*j**3 + 8*j**2 - 37*j + 22. List the prime factors of t(6).
2, 7, 11
Let h(o) = -3*o**2 + o - 4. Let u be h(-3). Let v be ((0 - -53)*1)/1. Let b = u + v. What are the prime factors of b?
19
Suppose 4*z + 5*i - 27 = 0, 7*i - 3*i + 4 = 0. Suppose z*u = 3*u + 540. List the prime factors of u.
2, 3
Suppose 2*b + 3*n + 0*n - 3908 = 0, 4*n = -b + 1949. What are the prime factors of b?
19, 103
Let b(l) = -179*l. Let t be b(-4). Suppose -10*p + 64 = -t. List the prime factors of p.
2, 3, 13
Let w(l) = -l**3 + 8*l**2 - 7*l - 5. Let q be w(7). Let t be 2/(q - -4) + 2. Suppose 3*j - 5*i + 0 = -1, 4*j + 5*i - 22 = t. List the prime factors of j.
3
Suppose 435 = 5*p + 55. Suppose 4*c = -r + p + 87, 3*c - 326 = -2*r. List the prime factors of r.
163
Let b(h) = -h. Let p be b(-1). Let c be p/((0 + 3)/477). Suppose -11*g = -14*g + c. What are the prime factors of g?
53
Suppose 2*h = 5*t + 340, 4*h - 7*t = -2*t + 670. What are the prime factors of h?
3, 5, 11
Let z(p) = -13*p**2 + p - 1. Let j be z(1). Let c = j + 18. Suppose 2*i - 55 = -c. List the prime factors of i.
5
Let d be (-724)/(-30) - (-16)/(-120). What are the prime factors of 57/2*d/36?
19
List the prime factors of (-1 - -73)*(-1 + (-150)/(-18)).
2, 3, 11
Suppose 0 = d - 4, a - 3*a + 5*d - 24 = 0. What are the prime factors of 1/(-1 + a + 260/86)?
43
Let w = 100 - 98. Suppose -2*o - r + 604 = w*o, 5*o = -4*r + 766. What are the prime factors of o?
2, 3, 5
Suppose -g + 0*g + 4 = 0. Suppose 0 = -g*d + 802 + 102. What are the prime factors of d?
2, 113
Suppose -2*l = -7*a + 4*a - 2561, 0 = 2*l + a - 2581. What are the prime factors of l?
2, 7, 23
Let n(d) = 79*d + 7. Let a be n(3). Suppose f + a = 5*f. List the prime factors of f.
61
Let g(q) = -81*q**3 - 3*q**2 - 3*q - 1. Let z be g(-1). Let b = 91 + z. What are the prime factors of b?
3, 19
Suppose 2*l = -3*l. Suppose l = -4*s - 4*m + 2*m + 24, m - 4 = 0. Suppose 0 = -3*q + 15, -3*f + 70 = s*q - 37. List the prime factors of f.
29
Let w = 8 - 6. Suppose -2*q + 42 + 88 = 0. Let b = q + w. List the prime factors of b.
67
Let b = 475 - -129. What are the prime factors of b?
2, 151
Let y = 1 - 4. Let n be (3/y*6)/(-1). Let t(s) = -s**2 + 12*s + 13. List the prime factors of t(n).
7
Let t(d) = 5*d**2 - 9*d - 117. List the prime factors of t(15).
3, 97
Let j(t) = -2*t + 3*t - 7 - 3*t. Let i be j(-5). Suppose 3*d + 6 = 0, -i*d = h - 5*d - 32. What are the prime factors of h?
2, 7
Suppose -3*z + 0*z + 774 = 0. List the prime factors of z.
2, 3, 43
Let i be (-3724)/56 + 2/4. Let p = 130 + i. What are the prime factors of p?
2
Suppose -3*q - 2*q = -50. Let w(l) = 2 - q + 14 + 5*l. What are the prime factors of w(3)?
3, 7
Let k = 22 + -22. Suppose -88 = -3*s - j, k*j + 5*j = 2*s - 70. List the prime factors of s.
2, 3, 5
Let m(f) = 11*f**2 + 24*f. Let l be m(-5). Suppose 0 = -3*w + 485 - l. List the prime factors of w.
2, 5, 11
Let s(a) = -a**3 + 5*a**2 + 6*a - 4. Let l be s(6). Let o = 8 + l. Suppose -q + 13 + 2 = g, -15 = -g + o*q. What are the prime factors of g?
3, 5
Let d = -24 - -26. Let j(a) = -a**d - 5 + 7 + 8 + 1 - 8*a. What are the prime factors of j(-9)?
2
Let t = 441 - -145. What are the prime factors of t?
2, 293
Let q = 442 - -9. List the prime factors of q.
11, 41
Let i(c) = -3 + 2*c**2 + 4*c - 21*c**3 - 8*c + 3*c - 1. List the prime factors of i(-2).
2, 3, 29
Let s be (-3)/4 + (-1)/4. Let i(z) = -24*z**3 - 2*z**2 - 4. Let j(h) = -h**3 - 1. Let o(w) = i(w) - 5*j(w). What are the prime factors of o(s)?
2, 3
Suppose 6 = -2*f - 4*p, 5*f = 3*p - 6*p + 20. Suppose -r + 221 = -f. List the prime factors of r.
2, 3, 19
Let a be 18/(((-63)/6)/7). List the prime factors of 141/4 - a/16.
2, 3
Let y = -3843 + 8968. List the prime factors of y.
5, 41
What are the prime factors of 153960/(-48)*4/(-5)?
2, 1283
Suppose 0 = -y + 135 + 86. List the prime factors of y.
13, 17
Suppose 0 = -s - 1, -4*p - 5*s = -3. Suppose 5*f - 38 = -q, p*f + 0*q - 4*q = 24. Let x = 73 - f. List the prime factors of x.
5, 13
Let g be 11 + 80 + 0/1 + -3. List the prime factors of ((-4554)/g)/((-6)/16).
2, 3, 23
Let v = 19 - 31. Let c = v + 17. Suppose -c*h + 198 = 3*r, -44 = 4*h - 2*r - 198. List the prime factors of h.
3, 13
Let k(u) = 2*u + 7. Let a be k(0). Suppose -a*g + g + 2250 = 0. Suppose s - g = -4*s. List the prime factors of s.
3, 5
List the prime factors of 236 - 4*(-4)/16.
3, 79
Let k be (3 - 2) + (-40)/(-2). Let g be (14/k)/((-4)/66). List the prime factors of 2/g + (-285)/(-55).
5
Suppose -5*b = 3*l + l - 17, 4*l - 2*b = 10. What are the prime factors of (63/12 - l)*20?
3, 5
Suppose 2*y - 352 = 3*k, 880 = -y + 6*y + 5*k. What are the prime factors of y?
2, 11
Suppose 0 = -2*w - 217 - 77. What are the prime factors of (-6)/(-4) - w/2?
3, 5
Let d(f) = 2*f**2 + 3*f - 1. Let w be d(-8). Suppose -3*k = w - 298. List the prime factors of k.
5, 13
Suppose 80 = 7*g - 2*g. Suppose 2*b = b - c - g, 2*c = -b - 20. Let l = 19 + b. What are the prime factors of l?
7
Let r(f) = -37*f - 2. Let m be r(-4). Suppose m = 3*y + 5. What are the prime factors of y?
47
Suppose -57 = -3*r + 3*q, 2*q = -r + 7*q - 1. Suppose -h = h - r. List the prime factors of h.
2, 3
Suppose -3*x = -5*y - 4*x + 7172, -5*y + x + 7178 = 0. List the prime factors of y.
5, 7, 41
Let m(p) = p**2 + 4*p + 4. Suppose 11*v + 90 = 2*v. What are the prime factors of m(v)?
2
Let u(r) be the first derivative of -23*r**4/4 - r**2 + r + 7. Let y be u(1). What are the prime factors of 640/y*12/(-5)?
2
Let f(j) = j**3 - 7*j**2 - 7*j + 16. List the prime factors of f(11).
3, 47
Let n be 13 - (1 - (2 + -3)). Suppose -n = -f + 4. List the prime factors of f.
3, 5
Let a(i) = 3*i**2 - 8*i - 13. Let s be a(-5). Let t = -33 + s. List the prime factors of t.
3, 23
Let m = -2 + 7. Suppose 7*g + 8 = m*g. Let p(o) = 2*o**2 + 3*o + 2. List the prime factors of p(g).
2, 11
Let n(l) = 4*l - 4. Let a(r) be the second derivative of -r**3/3 + r**2 - 7*r. Let f(v) = -5*a(v) - 2*n(v). List the prime factors of f(7).
2, 3
Let a be 2 + -4*162/(-4). Let z be 7 + 0 - (2 + -1). Suppose z*u - a = 2*u. What are the prime factors of u?
41
Let u = 2154 - 1269. What are the prime factors of u?
3, 5, 59
Let r(b) be the first derivative of -b**2/2 + 3*b + 1. Let c be (3/((-9)/(-24)))/(-8 + 7). List the prime factors of r(c).
11
What are the prime factors of (-2)/29 - 17344/(-29)?
2, 13, 23
Let h(i) = -i**2 - 6*i - 5. Let q be h(-7). Let t = 14 + q. Suppose 2*v - 8 = t. List the prime factors of v.
5
Let x = 26 - 40. Let l be (-161)/(-49) - (-4)/x. Suppose o = -3*o - 4*w + 208, 0 = -l*w + 3. What are the prime factors of o?
3, 17
Let g(p) = 21 - 8*p**2 - p - 3*p + 10*p - 2*p**3 + p. List the prime factors of g(-6).
3, 41
Let b be 313/7 - 24/(-84). Suppose 2*x - b - 53 = 0. What are the prime factors of x?
7
Let g(b) = -b**3 + 4*b**2 + 10*b + 